{"id":223,"date":"2025-03-27T14:41:21","date_gmt":"2025-03-27T14:41:21","guid":{"rendered":"http:\/\/10.204.72.227\/?page_id=223"},"modified":"2025-03-27T14:41:21","modified_gmt":"2025-03-27T14:41:21","slug":"erasmus","status":"publish","type":"page","link":"https:\/\/avastetoi.hu\/index.php\/erasmus\/","title":{"rendered":"Erasmus"},"content":{"rendered":"\n<h2 class=\"wp-block-heading has-text-align-center\">Aktu\u00e1lis p\u00e1ly\u00e1zatunk<\/h2>\n\n\n<div class=\"wp-block-image\">\n<figure class=\"aligncenter size-large is-resized\"><img loading=\"lazy\" decoding=\"async\" width=\"1024\" height=\"542\" src=\"http:\/\/10.204.72.227\/wp-content\/uploads\/2025\/03\/ERASMUS-logo-1024x542.jpg\" alt=\"\" class=\"wp-image-102\" style=\"width:431px;height:auto\" srcset=\"https:\/\/avastetoi.hu\/wp-content\/uploads\/2025\/03\/ERASMUS-logo-1024x542.jpg 1024w, https:\/\/avastetoi.hu\/wp-content\/uploads\/2025\/03\/ERASMUS-logo-300x159.jpg 300w, https:\/\/avastetoi.hu\/wp-content\/uploads\/2025\/03\/ERASMUS-logo-768x407.jpg 768w, https:\/\/avastetoi.hu\/wp-content\/uploads\/2025\/03\/ERASMUS-logo-1536x813.jpg 1536w, https:\/\/avastetoi.hu\/wp-content\/uploads\/2025\/03\/ERASMUS-logo.jpg 1964w\" sizes=\"auto, (max-width: 1024px) 100vw, 1024px\" \/><\/figure>\n<\/div>\n\n\n<h2 class=\"wp-block-heading has-text-align-center\"><a href=\"https:\/\/sites.google.com\/view\/once-upon-avastetoi\/h%C3%ADrek\">R\u00e9szletesen a projektr\u0151l<\/a><\/h2>\n\n\n\n<p class=\"has-text-align-center\"><strong><a href=\"https:\/\/sites.google.com\/view\/avastetierasmus\/f%C5%91oldal\">Az ERASMUS p\u00e1ly\u00e1zatokr\u00f3l r\u00e9szletesen itt t\u00e1j\u00e9koz\u00f3dhat!<\/a><\/strong><\/p>\n\n\n\n<figure class=\"wp-block-image size-large\"><img loading=\"lazy\" decoding=\"async\" width=\"724\" height=\"1024\" src=\"http:\/\/10.204.72.227\/wp-content\/uploads\/2025\/03\/ERASMUS2025APR-724x1024.jpeg\" alt=\"\" class=\"wp-image-225\" srcset=\"https:\/\/avastetoi.hu\/wp-content\/uploads\/2025\/03\/ERASMUS2025APR-724x1024.jpeg 724w, https:\/\/avastetoi.hu\/wp-content\/uploads\/2025\/03\/ERASMUS2025APR-212x300.jpeg 212w, https:\/\/avastetoi.hu\/wp-content\/uploads\/2025\/03\/ERASMUS2025APR-768x1086.jpeg 768w, https:\/\/avastetoi.hu\/wp-content\/uploads\/2025\/03\/ERASMUS2025APR-1086x1536.jpeg 1086w, https:\/\/avastetoi.hu\/wp-content\/uploads\/2025\/03\/ERASMUS2025APR-1448x2048.jpeg 1448w, https:\/\/avastetoi.hu\/wp-content\/uploads\/2025\/03\/ERASMUS2025APR.jpeg 1587w\" sizes=\"auto, (max-width: 724px) 100vw, 724px\" \/><\/figure>\n\n\n\n<figure class=\"wp-block-image size-full\"><img loading=\"lazy\" decoding=\"async\" width=\"716\" height=\"394\" src=\"http:\/\/10.204.72.227\/wp-content\/uploads\/2025\/03\/Honlapra-1-1.jpg\" alt=\"\" class=\"wp-image-226\" srcset=\"https:\/\/avastetoi.hu\/wp-content\/uploads\/2025\/03\/Honlapra-1-1.jpg 716w, https:\/\/avastetoi.hu\/wp-content\/uploads\/2025\/03\/Honlapra-1-1-300x165.jpg 300w\" sizes=\"auto, (max-width: 716px) 100vw, 716px\" \/><\/figure>\n\n\n\n<figure class=\"wp-block-image size-full\"><img loading=\"lazy\" decoding=\"async\" width=\"719\" height=\"400\" src=\"http:\/\/10.204.72.227\/wp-content\/uploads\/2025\/03\/honlapra-2.jpg\" alt=\"\" class=\"wp-image-227\" srcset=\"https:\/\/avastetoi.hu\/wp-content\/uploads\/2025\/03\/honlapra-2.jpg 719w, https:\/\/avastetoi.hu\/wp-content\/uploads\/2025\/03\/honlapra-2-300x167.jpg 300w\" sizes=\"auto, (max-width: 719px) 100vw, 719px\" \/><\/figure>\n\n\n\n<figure class=\"wp-block-image size-full\"><img loading=\"lazy\" decoding=\"async\" width=\"844\" height=\"472\" src=\"http:\/\/10.204.72.227\/wp-content\/uploads\/2025\/03\/honlapra-3.jpg\" alt=\"\" class=\"wp-image-228\" srcset=\"https:\/\/avastetoi.hu\/wp-content\/uploads\/2025\/03\/honlapra-3.jpg 844w, https:\/\/avastetoi.hu\/wp-content\/uploads\/2025\/03\/honlapra-3-300x168.jpg 300w, https:\/\/avastetoi.hu\/wp-content\/uploads\/2025\/03\/honlapra-3-768x429.jpg 768w\" sizes=\"auto, (max-width: 844px) 100vw, 844px\" \/><\/figure>\n\n\n\n<p class=\"has-text-align-center\"><strong><a href=\"https:\/\/sites.google.com\/view\/avas-interactivity\">A p\u00e1ly\u00e1zatr\u00f3l r\u00e9szletesen itt t\u00e1j\u00e9koz\u00f3dhat!<\/a><\/strong><\/p>\n\n\n\n<figure class=\"wp-block-image size-full\"><img loading=\"lazy\" decoding=\"async\" width=\"957\" height=\"538\" src=\"http:\/\/10.204.72.227\/wp-content\/uploads\/2025\/03\/magyar50.jpg\" alt=\"\" class=\"wp-image-229\" srcset=\"https:\/\/avastetoi.hu\/wp-content\/uploads\/2025\/03\/magyar50.jpg 957w, https:\/\/avastetoi.hu\/wp-content\/uploads\/2025\/03\/magyar50-300x169.jpg 300w, https:\/\/avastetoi.hu\/wp-content\/uploads\/2025\/03\/magyar50-768x432.jpg 768w\" sizes=\"auto, (max-width: 957px) 100vw, 957px\" \/><\/figure>\n\n\n\n<figure class=\"wp-block-image size-full\"><img loading=\"lazy\" decoding=\"async\" width=\"956\" height=\"538\" src=\"http:\/\/10.204.72.227\/wp-content\/uploads\/2025\/03\/angol50.jpg\" alt=\"\" class=\"wp-image-230\" srcset=\"https:\/\/avastetoi.hu\/wp-content\/uploads\/2025\/03\/angol50.jpg 956w, https:\/\/avastetoi.hu\/wp-content\/uploads\/2025\/03\/angol50-300x169.jpg 300w, https:\/\/avastetoi.hu\/wp-content\/uploads\/2025\/03\/angol50-768x432.jpg 768w\" sizes=\"auto, (max-width: 956px) 100vw, 956px\" \/><\/figure>\n\n\n\n<figure class=\"wp-block-image size-full\"><img loading=\"lazy\" decoding=\"async\" width=\"973\" height=\"532\" src=\"http:\/\/10.204.72.227\/wp-content\/uploads\/2025\/03\/magyar50_2.jpg\" alt=\"\" class=\"wp-image-231\" srcset=\"https:\/\/avastetoi.hu\/wp-content\/uploads\/2025\/03\/magyar50_2.jpg 973w, https:\/\/avastetoi.hu\/wp-content\/uploads\/2025\/03\/magyar50_2-300x164.jpg 300w, https:\/\/avastetoi.hu\/wp-content\/uploads\/2025\/03\/magyar50_2-768x420.jpg 768w\" sizes=\"auto, (max-width: 973px) 100vw, 973px\" \/><\/figure>\n\n\n\n<figure class=\"wp-block-image size-full\"><img loading=\"lazy\" decoding=\"async\" width=\"973\" height=\"532\" src=\"http:\/\/10.204.72.227\/wp-content\/uploads\/2025\/03\/angol50_2.jpg\" alt=\"\" class=\"wp-image-232\" srcset=\"https:\/\/avastetoi.hu\/wp-content\/uploads\/2025\/03\/angol50_2.jpg 973w, https:\/\/avastetoi.hu\/wp-content\/uploads\/2025\/03\/angol50_2-300x164.jpg 300w, https:\/\/avastetoi.hu\/wp-content\/uploads\/2025\/03\/angol50_2-768x420.jpg 768w\" sizes=\"auto, (max-width: 973px) 100vw, 973px\" \/><\/figure>\n\n\n\n<p class=\"has-text-align-center\"><strong>A PROJEKT HONLAPJA EL\u00c9RHET\u0150\u00a0<\/strong><a href=\"https:\/\/sites.google.com\/view\/innovative-digital-teacher\/home-f%C5%91oldal?fbclid=IwAR0Y0ZLiajBw5aT75UCjbRLJw5Ik8qmlkjozKXZWUWcbyWmNOic39WhwcaA&amp;pli=1\"><strong>ITT<\/strong><\/a>!<\/p>\n\n\n\n<figure class=\"wp-block-image size-full\"><img loading=\"lazy\" decoding=\"async\" width=\"960\" height=\"467\" src=\"http:\/\/10.204.72.227\/wp-content\/uploads\/2025\/03\/honlap2022kicsi.jpg\" alt=\"\" class=\"wp-image-233\" srcset=\"https:\/\/avastetoi.hu\/wp-content\/uploads\/2025\/03\/honlap2022kicsi.jpg 960w, https:\/\/avastetoi.hu\/wp-content\/uploads\/2025\/03\/honlap2022kicsi-300x146.jpg 300w, https:\/\/avastetoi.hu\/wp-content\/uploads\/2025\/03\/honlap2022kicsi-768x374.jpg 768w\" sizes=\"auto, (max-width: 960px) 100vw, 960px\" \/><\/figure>\n\n\n\n<p class=\"has-text-align-center\"><strong><a href=\"https:\/\/sites.google.com\/view\/avas-interactivity\">A p\u00e1ly\u00e1zatr\u00f3l r\u00e9szletesen itt t\u00e1j\u00e9koz\u00f3dhat!<\/a><\/strong><\/p>\n\n\n\n<p><\/p>\n\n\n\n<h2 class=\"wp-block-heading has-text-align-center\">Kor\u00e1bbi p\u00e1ly\u00e1zatunk<\/h2>\n\n\n<div class=\"wp-block-image\">\n<figure class=\"aligncenter size-large is-resized\"><img loading=\"lazy\" decoding=\"async\" width=\"1024\" height=\"569\" src=\"http:\/\/10.204.72.227\/wp-content\/uploads\/2025\/03\/kep1-1024x569.jpg\" alt=\"\" class=\"wp-image-201\" style=\"width:378px;height:auto\" srcset=\"https:\/\/avastetoi.hu\/wp-content\/uploads\/2025\/03\/kep1-1024x569.jpg 1024w, https:\/\/avastetoi.hu\/wp-content\/uploads\/2025\/03\/kep1-300x167.jpg 300w, https:\/\/avastetoi.hu\/wp-content\/uploads\/2025\/03\/kep1-768x427.jpg 768w, https:\/\/avastetoi.hu\/wp-content\/uploads\/2025\/03\/kep1.jpg 1302w\" sizes=\"auto, (max-width: 1024px) 100vw, 1024px\" \/><\/figure>\n<\/div>\n\n\n<p><\/p>\n\n\n\n<p class=\"has-text-align-center\"><strong>ERASMUS+<\/strong><\/p>\n\n\n\n<p>ISKOLAI, \u00d3VODAI STRAT\u00c9GIAI PARTNERS\u00c9GEK<\/p>\n\n\n\n<p>KA229 J\u00f3 gyakorlatok cser\u00e9je<\/p>\n\n\n\n<p>\u00a0\u00a0\u00a0\u00a0\u00a0\u00a0\u00a0\u00a0\u00a0\u00a0\u00a0\u00a0\u00a0\u00a0\u00a0\u00a0\u00a0\u00a0\u00a0\u00a0\u00a0\u00a0\u00a0\u00a0\u00a0\u00a0\u00a0\u00a0\u00a0\u00a0\u00a0\u00a0\u00a0\u00a0\u00a0\u00a0\u00a0\u00a0\u00a0\u00a0\u00a0\u00a0\u00a0\u00a0\u00a0\u00a0\u00a0\u00a0\u00a0\u00a0\u00a0\u00a0\u00a0\u00a0\u00a0\u00a0\u00a0\u00a0\u00a0\u00a0\u00a0\u00a0\u00a0\u00a0\u00a0\u00a0\u00a0\u00a0\u00a0\u00a0\u00a0\u00a0\u00a0\u00a0\u00a0\u00a0\u00a0\u00a0\u00a0 A projekt c\u00edme:&#8221;School plus&#8221;<\/p>\n\n\n\n<p>\u00a0\u00a0\u00a0\u00a0\u00a0\u00a0\u00a0\u00a0\u00a0\u00a0\u00a0\u00a0\u00a0\u00a0\u00a0\u00a0\u00a0\u00a0\u00a0\u00a0\u00a0\u00a0\u00a0\u00a0\u00a0\u00a0\u00a0\u00a0\u00a0\u00a0\u00a0\u00a0\u00a0\u00a0\u00a0\u00a0\u00a0\u00a0\u00a0\u00a0\u00a0\u00a0\u00a0\u00a0\u00a0\u00a0\u00a0\u00a0\u00a0\u00a0\u00a0\u00a0\u00a0\u00a0\u00a0\u00a0\u00a0\u00a0\u00a0\u00a0\u00a0\u00a0\u00a0\u00a0\u00a0\u00a0\u00a0\u00a0\u00a0\u00a0\u00a0\u00a0\u00a0\u00a0\u00a0\u00a0\u00a0\u00a0\u00a0 2018.09.01-2021.08.31.<\/p>\n\n\n\n<p><\/p>\n\n\n\n<figure class=\"wp-block-table is-style-stripes\"><table class=\"has-fixed-layout\"><tbody><tr><td colspan=\"2\"><strong><a href=\"https:\/\/avastetoi.hu\/Erasmus2019\/Erasmus%20-%20School%20plus.pdf\">\u00d6SSZEFOGLAL\u00d3<\/a><br><a href=\"https:\/\/avastetoi.hu\/Erasmus2019\/Erasmus%20-%20School%20plus_English.pdf\">SUMMARY<\/a><\/strong><\/td><\/tr><tr><td colspan=\"2\">&nbsp;<\/td><\/tr><tr><td colspan=\"2\"><strong><a href=\"https:\/\/avastetoi.hu\/Erasmus2019\/Application%20conditions.pdf\">Projektbe val\u00f3 bekapcsol\u00f3d\u00e1s jelentkez\u00e9s\u00e9nek felt\u00e9telei<br>Conditions of Enrollment for the Project<\/a><\/strong><\/td><\/tr><tr><td>&nbsp;<\/td><td>&nbsp;<\/td><\/tr><tr><td colspan=\"2\"><strong><a href=\"https:\/\/avastetoi.hu\/Erasmus2019\/Project%20good%20practice.pdf\">A projekt r\u00f6vid bemutat\u00e1sa<br>Brief Introduction of the Project<\/a><\/strong><\/td><\/tr><tr><td>&nbsp;<\/td><td>&nbsp;<\/td><\/tr><tr><td colspan=\"2\"><a href=\"https:\/\/avastetoi.hu\/Erasmus2019\/publicity%20of%20the%201st%20meeting.pdf\"><strong>Projektvezet\u0151k tal\u00e1lkoz\u00f3ja Magyarorsz\u00e1gon 2019. m\u00e1rcius 03-09.<br>Meeting of the Project management in Hungary March 03-09 2019<\/strong><\/a><\/td><\/tr><tr><td>&nbsp;<\/td><td>&nbsp;<\/td><\/tr><tr><td colspan=\"2\"><a href=\"https:\/\/avastetoi.hu\/Erasmus2019\/publicity%20of%20the%202st%20meeting.pdf\"><strong>Munkat\u00e1rsak k\u00f6z\u00f6s, r\u00f6vid t\u00e1v\u00fa k\u00e9pz\u00e9se Magyarorsz\u00e1gon&nbsp; 2019. \u00e1prilis 11-16.<br><\/strong><strong>Common and short term training of colleagues in Hungary&nbsp; April 11-16 2019<\/strong><\/a><\/td><\/tr><tr><td colspan=\"2\">&nbsp;<\/td><\/tr><tr><td colspan=\"2\"><strong><a href=\"https:\/\/avastetoi.hu\/Erasmus2019\/2021\/Beszamolo%20projektvezetes%20magyar%20angol.pdf\">Projektvezet\u0151k tal\u00e1lkoz\u00f3ja besz\u00e1mol\u00f3 Barcelos, 2019.szeptember 25 \u2013okt\u00f3ber 1.<br>Report on Project Management Meeting 25 September -1 October 2019 in Barcelos<\/a><\/strong><\/td><\/tr><tr><td colspan=\"2\">&nbsp;<\/td><\/tr><tr><td colspan=\"2\"><a href=\"https:\/\/avastetoi.hu\/Erasmus2019\/2021\/1.%20Elorehaladasi%20jelentes%20magyar-angol.pdf\"><strong>EL\u0150REHALAD\u00c1SI T\u00c1J\u00c9KOZTAT\u00d3 2019. OKT\u00d3BER 21.<br>PROGRESS INFORMATION OCTOBER 21. 2019.<\/strong><\/a><\/td><\/tr><tr><td colspan=\"2\">&nbsp;<\/td><\/tr><tr><td colspan=\"2\"><strong><a href=\"https:\/\/avastetoi.hu\/Erasmus2019\/4.%20beszaolo_munkatarsimagyar-angol.pdf\">Munkat\u00e1rsi besz\u00e1mol\u00f3 2019.okt\u00f3ber 24-29.<\/a><br><a href=\"https:\/\/avastetoi.hu\/Erasmus2019\/4.%20beszaolo_munkatarsimagyar-angol.pdf\">Report on Colleagues Meeting 24 \u2013 29 October 2019 in Barcelos<\/a><\/strong><\/td><\/tr><tr><td colspan=\"2\">&nbsp;<\/td><\/tr><tr><td colspan=\"2\"><strong><a href=\"https:\/\/avastetoi.hu\/Erasmus2019\/6.%20muhelymunka%20honlapra.pdf\">T\u00e1j\u00e9koztat\u00e1s a projekt el\u0151re halad\u00e1s\u00e1r\u00f3l 2019. december 07.<\/a><br><a href=\"https:\/\/avastetoi.hu\/Erasmus2019\/6.%20muhelymunka%20honlapra.pdf\">Information about precession\/development of the project December 07. 2019<\/a><\/strong><\/td><\/tr><tr><td colspan=\"2\">&nbsp;<\/td><\/tr><tr><td colspan=\"2\"><a href=\"https:\/\/avastetoi.hu\/Erasmus2019\/6.%20Forgatokonyv-agenda.pdf\"><strong>M\u0171helymunka 2019. december 07.<\/strong><\/a><a href=\"https:\/\/avastetoi.hu\/Erasmus2019\/6.%20Forgatokonyv-agenda.pdf\"><strong>Workshop December 07. 2019<\/strong><\/a><\/td><\/tr><tr><td colspan=\"2\">&nbsp;<\/td><\/tr><tr><td colspan=\"2\"><strong><a href=\"https:\/\/avastetoi.hu\/Erasmus2019\/7.%20Karacsony.pdf\">N\u00e9pek kar\u00e1csonya \u2013 Kar\u00e1csonyi forgatag 2019.december 19.<\/a><br><a href=\"https:\/\/avastetoi.hu\/Erasmus2019\/7.%20Karacsony.pdf\">Christmas of nations \u2013 Christmas whirl December 19. 2019<\/a><\/strong><\/td><\/tr><tr><td colspan=\"2\">&nbsp;<\/td><\/tr><tr><td colspan=\"2\"><strong><a href=\"https:\/\/avastetoi.hu\/Erasmus2019\/5.%20online%20-poland%20en+hu.pdf\">SZAKMAI MEGVAL\u00d3S\u00cdT\u00d3K ONLINE TAL\u00c1LKOZ\u00d3JA CHORZ\u00d3W \u2013 BARCELOS \u2013 MISKOLC 2021. J\u00daNIUS 14-18.<\/a><br><a href=\"https:\/\/avastetoi.hu\/Erasmus2019\/5.%20online%20-poland%20en+hu.pdf\">ONLINE MEETING OF PROFESSIONAL IMPLEMENTERS CHORZ\u00d3W \u2013 BARCELOS \u2013 MISKOLC JUNE 14-18, 2021<\/a><\/strong><\/td><\/tr><tr><td colspan=\"2\">&nbsp;<\/td><\/tr><tr><td colspan=\"2\"><strong><a href=\"https:\/\/avastetoi.hu\/Erasmus2019\/2021\/2.%20Elorehaladasi%20jelentes%20magyar-angol.pdf\">El\u0151rehalad\u00e1si t\u00e1j\u00e9koztat\u00f3 2021. j\u00fanius 18.<br>Progress information June 18. 2021<\/a><\/strong><\/td><\/tr><tr><td colspan=\"2\">&nbsp;<\/td><\/tr><tr><td colspan=\"2\"><strong><a href=\"https:\/\/avastetoi.hu\/Erasmus2019\/beszamolo_Chorzow2021.pdf\">PROJEKTVEZET\u0150K TAL\u00c1LKOZ\u00d3JA BESZ\u00c1MOL\u00d3 CHORZ\u00d3W, 2021. AUGUSZTUS 25-30.<\/a><br><a href=\"https:\/\/avastetoi.hu\/Erasmus2019\/beszamolo_Chorzow2021.pdf\">REPORT ON PROJECT MANAGMENT MEETING 25-30. AUGUST 2021 IN CHORZOW<\/a><\/strong><\/td><\/tr><tr><td colspan=\"2\">&nbsp;<\/td><\/tr><tr><td colspan=\"2\">&nbsp;<\/td><\/tr><\/tbody><\/table><\/figure>\n\n\n\n<p class=\"has-text-align-center\"><strong>&nbsp; VIDE\u00d3K<br>VIDEOS<\/strong><\/p>\n\n\n\n<figure class=\"wp-block-table is-style-stripes\"><table class=\"has-fixed-layout\"><tbody><tr><td>&nbsp;<\/td><\/tr><tr><td><strong><a href=\"https:\/\/www.youtube.com\/watch?v=-SqUqngqZPw\">INTERJ\u00da A PORTUG\u00c1L PARTNERREL<\/a><\/strong><br><strong><a href=\"https:\/\/www.youtube.com\/watch?v=-SqUqngqZPw\">Erasmus&nbsp;Plus Interview with the Portuguese Partner<\/a><\/strong><br>&nbsp;<\/td><\/tr><tr><td>&nbsp;<\/td><\/tr><tr><td><strong><a href=\"https:\/\/www.youtube.com\/watch?v=BuzsW_6hIc8\">&nbsp;&nbsp;&nbsp;INTERJ\u00da A LENGYEL PARTNERREL&nbsp;&nbsp;&nbsp;&nbsp;&nbsp;&nbsp;&nbsp;&nbsp;&nbsp;&nbsp;&nbsp;<\/a><br><\/strong><strong><a href=\"https:\/\/www.youtube.com\/watch?v=BuzsW_6hIc8\">Erasmus Plus Interview with the Polish Partner<\/a><\/strong><\/td><\/tr><tr><td>&nbsp;<\/td><\/tr><tr><td>&nbsp;<\/td><\/tr><tr><td><strong><a href=\"https:\/\/www.youtube.com\/watch?v=b2Pz_buP7r0\">INTERJ\u00da A MAGYAR PARTNERREL<\/a><br><a href=\"https:\/\/www.youtube.com\/watch?v=b2Pz_buP7r0\">Interview with the Hungarian Partner<\/a><\/strong><\/td><\/tr><tr><td>&nbsp;<\/td><\/tr><tr><td>&nbsp;<\/td><\/tr><tr><td><strong><a href=\"https:\/\/www.youtube.com\/user\/qualischool\/videos\">M\u00c9G T\u00d6BB VIDE\u00d3<\/a><\/strong><br><a href=\"https:\/\/www.youtube.com\/user\/qualischool\/videos\"><strong>MORE VIDEOS<\/strong><\/a><\/td><\/tr><\/tbody><\/table><\/figure>\n","protected":false},"excerpt":{"rendered":"<p>Aktu\u00e1lis p\u00e1ly\u00e1zatunk R\u00e9szletesen a projektr\u0151l Az ERASMUS p\u00e1ly\u00e1zatokr\u00f3l r\u00e9szletesen itt t\u00e1j\u00e9koz\u00f3dhat! A p\u00e1ly\u00e1zatr\u00f3l r\u00e9szletesen itt t\u00e1j\u00e9koz\u00f3dhat! A PROJEKT HONLAPJA EL\u00c9RHET\u0150\u00a0ITT! A p\u00e1ly\u00e1zatr\u00f3l r\u00e9szletesen itt t\u00e1j\u00e9koz\u00f3dhat! Kor\u00e1bbi p\u00e1ly\u00e1zatunk ERASMUS+ ISKOLAI, \u00d3VODAI STRAT\u00c9GIAI PARTNERS\u00c9GEK KA229 J\u00f3 gyakorlatok cser\u00e9je \u00a0\u00a0\u00a0\u00a0\u00a0\u00a0\u00a0\u00a0\u00a0\u00a0\u00a0\u00a0\u00a0\u00a0\u00a0\u00a0\u00a0\u00a0\u00a0\u00a0\u00a0\u00a0\u00a0\u00a0\u00a0\u00a0\u00a0\u00a0\u00a0\u00a0\u00a0\u00a0\u00a0\u00a0\u00a0\u00a0\u00a0\u00a0\u00a0\u00a0\u00a0\u00a0\u00a0\u00a0\u00a0\u00a0\u00a0\u00a0\u00a0\u00a0\u00a0\u00a0\u00a0\u00a0\u00a0\u00a0\u00a0\u00a0\u00a0\u00a0\u00a0\u00a0\u00a0\u00a0\u00a0\u00a0\u00a0\u00a0\u00a0\u00a0\u00a0\u00a0\u00a0\u00a0\u00a0\u00a0\u00a0\u00a0\u00a0 A projekt c\u00edme:&#8221;School plus&#8221; \u00a0\u00a0\u00a0\u00a0\u00a0\u00a0\u00a0\u00a0\u00a0\u00a0\u00a0\u00a0\u00a0\u00a0\u00a0\u00a0\u00a0\u00a0\u00a0\u00a0\u00a0\u00a0\u00a0\u00a0\u00a0\u00a0\u00a0\u00a0\u00a0\u00a0\u00a0\u00a0\u00a0\u00a0\u00a0\u00a0\u00a0\u00a0\u00a0\u00a0\u00a0\u00a0\u00a0\u00a0\u00a0\u00a0\u00a0\u00a0\u00a0\u00a0\u00a0\u00a0\u00a0\u00a0\u00a0\u00a0\u00a0\u00a0\u00a0\u00a0\u00a0\u00a0\u00a0\u00a0\u00a0\u00a0\u00a0\u00a0\u00a0\u00a0\u00a0\u00a0\u00a0\u00a0\u00a0\u00a0\u00a0\u00a0\u00a0 2018.09.01-2021.08.31. \u00d6SSZEFOGLAL\u00d3SUMMARY &nbsp; Projektbe val\u00f3 bekapcsol\u00f3d\u00e1s jelentkez\u00e9s\u00e9nek felt\u00e9teleiConditions of Enrollment for the Project &hellip; <a href=\"https:\/\/avastetoi.hu\/index.php\/erasmus\/\" class=\"more-link\"><span class=\"screen-reader-text\">Erasmus<\/span> b\u0151vebben&#8230; <span class=\"meta-nav\">&rarr;<\/span><\/a><\/p>\n","protected":false},"author":1,"featured_media":0,"parent":0,"menu_order":0,"comment_status":"closed","ping_status":"closed","template":"","meta":{"footnotes":""},"class_list":["post-223","page","type-page","status-publish","hentry"],"_links":{"self":[{"href":"https:\/\/avastetoi.hu\/index.php\/wp-json\/wp\/v2\/pages\/223","targetHints":{"allow":["GET"]}}],"collection":[{"href":"https:\/\/avastetoi.hu\/index.php\/wp-json\/wp\/v2\/pages"}],"about":[{"href":"https:\/\/avastetoi.hu\/index.php\/wp-json\/wp\/v2\/types\/page"}],"author":[{"embeddable":true,"href":"https:\/\/avastetoi.hu\/index.php\/wp-json\/wp\/v2\/users\/1"}],"replies":[{"embeddable":true,"href":"https:\/\/avastetoi.hu\/index.php\/wp-json\/wp\/v2\/comments?post=223"}],"version-history":[{"count":2,"href":"https:\/\/avastetoi.hu\/index.php\/wp-json\/wp\/v2\/pages\/223\/revisions"}],"predecessor-version":[{"id":287,"href":"https:\/\/avastetoi.hu\/index.php\/wp-json\/wp\/v2\/pages\/223\/revisions\/287"}],"wp:attachment":[{"href":"https:\/\/avastetoi.hu\/index.php\/wp-json\/wp\/v2\/media?parent=223"}],"curies":[{"name":"wp","href":"https:\/\/api.w.org\/{rel}","templated":true}]}}