{"id":410,"date":"2025-10-14T06:00:20","date_gmt":"2025-10-14T06:00:20","guid":{"rendered":"https:\/\/avastetoi.hu\/?page_id=410"},"modified":"2026-04-20T05:49:28","modified_gmt":"2026-04-20T05:49:28","slug":"heti-menza-menu","status":"publish","type":"page","link":"https:\/\/avastetoi.hu\/index.php\/heti-menza-menu\/","title":{"rendered":"Heti menza men\u00fc"},"content":{"rendered":"\n<p>2026. 04. 20 &#8211; 04.27<\/p>\n\n\n\n<p><a href=\"https:\/\/gasztvital.hu\/wp-content\/uploads\/2026\/03\/Etlap_2026_17_Iskola_als%C3%B3-1.pdf\">Als\u00f3 tagozat<\/a><\/p>\n\n\n\n<p><a href=\"https:\/\/gasztvital.hu\/wp-content\/uploads\/2026\/03\/Etlap_2026_17_Iskola_fels%C5%91-1.pdf\">Fels\u0151 tagozat<\/a><\/p>\n\n\n\n<p>2026. 04. 13 &#8211; 04.17<\/p>\n\n\n\n<p><a href=\"https:\/\/gasztvital.hu\/wp-content\/uploads\/2026\/03\/Etlap_2026_16_Iskola_als%C3%B3-1.pdf\">Als\u00f3 tagozat<\/a><\/p>\n\n\n\n<p><a href=\"https:\/\/gasztvital.hu\/wp-content\/uploads\/2026\/03\/Etlap_2026_16_Iskola_fels%C5%91-1.pdf\">Fels\u0151 tagozat<\/a><\/p>\n\n\n\n<p><\/p>\n\n\n\n<p>2026. 03. 30 &#8211; 04.01<\/p>\n\n\n\n<p><a href=\"https:\/\/gasztvital.hu\/wp-content\/uploads\/2026\/02\/Etlap_2026_14_Iskola_als%C3%B3.pdf\">Als\u00f3 tagozat<\/a><\/p>\n\n\n\n<p><a href=\"https:\/\/gasztvital.hu\/wp-content\/uploads\/2026\/02\/Etlap_2026_14_Iskola_fels%C5%91.pdf\">Fels\u0151 tagozat<\/a><\/p>\n\n\n\n<p><\/p>\n\n\n\n<p><\/p>\n\n\n\n<p>2026. 03.23 &#8211; 03.27<\/p>\n\n\n\n<p><a href=\"https:\/\/gasztvital.hu\/wp-content\/uploads\/2026\/02\/Etlap_2026_13_Iskola_als%C3%B3.pdf\">Als\u00f3 tagozat<\/a><\/p>\n\n\n\n<p><a href=\"https:\/\/gasztvital.hu\/wp-content\/uploads\/2026\/02\/Etlap_2026_13_Iskola_fels%C5%91.pdf\">Fels\u0151 tagozat<\/a><\/p>\n\n\n\n<p><\/p>\n\n\n\n<p>2026. 03. 16 &#8211; 03.20<\/p>\n\n\n\n<p><a href=\"https:\/\/gasztvital.hu\/wp-content\/uploads\/2026\/02\/Etlap_2026_12_Iskola_als%C3%B3.pdf\">Als\u00f3 tagozat<\/a><\/p>\n\n\n\n<p><a href=\"https:\/\/gasztvital.hu\/wp-content\/uploads\/2026\/02\/Etlap_2026_12_Iskola_fels%C5%91.pdf\">Fels\u0151 tagozat<\/a><\/p>\n\n\n\n<p><\/p>\n\n\n\n<p>2026. 03. 09 &#8211; 03. 13<\/p>\n\n\n\n<p><a href=\"https:\/\/gasztvital.hu\/wp-content\/uploads\/2026\/02\/Etlap_2026_11_Iskola_als%C3%B3.pdf\">Als\u00f3 tagozat<\/a><\/p>\n\n\n\n<p><a href=\"https:\/\/gasztvital.hu\/wp-content\/uploads\/2026\/02\/Etlap_2026_11_Iskola_fels%C5%91.pdf\">Fels\u0151 tagozat<\/a><\/p>\n\n\n\n<p>2026. 03. 02 &#8211; 03.06<\/p>\n\n\n\n<p><a href=\"https:\/\/gasztvital.hu\/wp-content\/uploads\/2026\/02\/Etlap_2026_10_Iskola_als%C3%B3.pdf\">Als\u00f3 tagozat<\/a><\/p>\n\n\n\n<p><a href=\"https:\/\/gasztvital.hu\/wp-content\/uploads\/2026\/02\/Etlap_2026_10_Iskola_fels%C5%91.pdf\">Fels\u0151 tagozat<\/a><\/p>\n\n\n\n<p>2026. 02. 23 &#8211; 27<\/p>\n\n\n\n<p><a href=\"https:\/\/gasztvital.hu\/wp-content\/uploads\/2026\/01\/Etlap_2026_9_Iskola_als%C3%B3-2.pdf\">Als\u00f3 tagozat<\/a><\/p>\n\n\n\n<p><a href=\"https:\/\/gasztvital.hu\/wp-content\/uploads\/2026\/01\/Etlap_2026_9_Iskola_fels%C5%91-4.pdf\">Fels\u0151 tagozat<\/a><\/p>\n\n\n\n<p>2026. 02. 16 &#8211; 20<\/p>\n\n\n\n<p><a href=\"https:\/\/gasztvital.hu\/wp-content\/uploads\/2026\/01\/Etlap_2026_8_Iskola_fels%C5%91-4.pdf\">Fels\u0151 tagozat<\/a><\/p>\n\n\n\n<p><a href=\"https:\/\/gasztvital.hu\/wp-content\/uploads\/2026\/01\/Etlap_2026_8_Iskola_als%C3%B3-2.pdf\">Als\u00f3 tagozat<\/a><\/p>\n\n\n\n<p>2026. 02. 09 &#8211; 02.13<\/p>\n\n\n\n<p><a href=\"https:\/\/gasztvital.hu\/wp-content\/uploads\/2026\/01\/Etlap_2026_7_Iskola_fels%C5%91-5.pdf\">Fels\u0151 tagozat<\/a><\/p>\n\n\n\n<p><a href=\"https:\/\/gasztvital.hu\/wp-content\/uploads\/2026\/01\/Etlap_2026_7_Iskola_als%C3%B3-3.pdf\">Als\u00f3 tagozat<\/a><\/p>\n\n\n\n<p>2026. 02. 02 &#8211; 02.06<\/p>\n\n\n\n<p><a href=\"https:\/\/gasztvital.hu\/wp-content\/uploads\/2026\/01\/Etlap6hetIskolafelso.pdf\">Fels\u0151 tagozat<\/a><\/p>\n\n\n\n<p><a href=\"https:\/\/gasztvital.hu\/wp-content\/uploads\/2026\/01\/Etlap6hetIskolaalso.pdf\">Als\u00f3 tagozat<\/a><\/p>\n\n\n\n<p>2026. 01. 26 &#8211; 30<\/p>\n\n\n\n<p><a href=\"https:\/\/gasztvital.hu\/wp-content\/uploads\/2026\/01\/Etlap_2026_5_Iskola_als%C3%B3.pdf\">Als\u00f3 tagozat<\/a><\/p>\n\n\n\n<p><a href=\"https:\/\/gasztvital.hu\/wp-content\/uploads\/2026\/01\/Etlap_2026_5_Iskola_fels%C5%91.pdf\">Fels\u0151 tagozat<\/a><\/p>\n\n\n\n<p>2026. 01. 19 &#8211; 23<\/p>\n\n\n\n<p><a href=\"https:\/\/gasztvital.hu\/wp-content\/uploads\/2026\/01\/Etlap_2026_4_Iskola_als%C3%B3.pdf\">Als\u00f3 tagozat<\/a><\/p>\n\n\n\n<p><a href=\"https:\/\/gasztvital.hu\/wp-content\/uploads\/2026\/01\/Etlap_2026_4_Iskola_fels%C5%91.pdf\">Fels\u0151 tagozat<\/a><\/p>\n\n\n\n<p><\/p>\n\n\n\n<p>2026.01.12 &#8211; 01.16<\/p>\n\n\n\n<p><a href=\"https:\/\/gasztvital.hu\/wp-content\/uploads\/2026\/01\/Etlap_2026_3_Iskola_als%C3%B3.pdf\">Als\u00f3 tagozat<\/a><\/p>\n\n\n\n<p><a href=\"https:\/\/gasztvital.hu\/wp-content\/uploads\/2026\/01\/Etlap_2026_3_Iskola_fels%C5%91.pdf\">Fels\u0151 tagozat<\/a><\/p>\n\n\n\n<p><\/p>\n\n\n\n<p>2026. 01.05 &#8211; 01.10<\/p>\n\n\n\n<p><a href=\"https:\/\/gasztvital.hu\/wp-content\/uploads\/2026\/01\/Etlap_2026_2_Iskola_als%C3%B3.pdf\">Als\u00f3 tagozat<\/a><\/p>\n\n\n\n<p><a href=\"https:\/\/gasztvital.hu\/wp-content\/uploads\/2026\/01\/Etlap_2026_2_Iskola_fels%C5%91.pdf\">Fels\u0151 tagozat<\/a><\/p>\n\n\n\n<p><\/p>\n\n\n\n<p>2025. 12. 15 &#8211; 19<\/p>\n\n\n\n<p><a href=\"https:\/\/gasztvital.hu\/wp-content\/uploads\/2025\/11\/%C3%89tlap-51.-H%C3%A9t-Isk.Als%C3%B3.pdf\">Als\u00f3 tagozat<\/a><\/p>\n\n\n\n<p><a href=\"https:\/\/gasztvital.hu\/wp-content\/uploads\/2025\/11\/%C3%89tlap-51.-H%C3%A9t-Isk.Fels%C5%91.pdf\">Fels\u0151 tagozat<\/a><\/p>\n\n\n\n<p><\/p>\n\n\n\n<p><\/p>\n\n\n\n<p>2025.12.08 &#8211; 12.13<\/p>\n\n\n\n<p><a href=\"https:\/\/gasztvital.hu\/wp-content\/uploads\/2025\/11\/%C3%89tlap-50.-H%C3%A9t-Isk.Als%C3%B3.pdf\">Als\u00f3 tagozat<\/a><\/p>\n\n\n\n<p><a href=\"https:\/\/gasztvital.hu\/wp-content\/uploads\/2025\/11\/%C3%89tlap-50.-H%C3%A9t-Isk.Fels%C5%91.pdf\">Fels\u0151 tagozat<\/a><\/p>\n\n\n\n<p><\/p>\n\n\n\n<p>2025.12.01 &#8211; 12.05<\/p>\n\n\n\n<p><a href=\"https:\/\/gasztvital.hu\/wp-content\/uploads\/2025\/11\/%C3%89tlap-49.-H%C3%A9t-Isk.Als%C3%B3.pdf\">Als\u00f3 tagozat<\/a><\/p>\n\n\n\n<p><a href=\"https:\/\/gasztvital.hu\/wp-content\/uploads\/2025\/11\/%C3%89tlap-49.-H%C3%A9t-Isk.Fels%C5%91.pdf\">Fels\u0151 tagozat<\/a><\/p>\n\n\n\n<p><\/p>\n\n\n\n<p>2025. november 24 &#8211; 28<\/p>\n\n\n\n<p><a href=\"https:\/\/gasztvital.hu\/wp-content\/uploads\/2025\/10\/48.-H%C3%A9t-Isk.Als%C3%B3.pdf\">Als\u00f3 tagozat<\/a><\/p>\n\n\n\n<p><a href=\"https:\/\/gasztvital.hu\/wp-content\/uploads\/2025\/10\/48.-H%C3%A9t-Isk.Fels%C5%91.pdf\">Fels\u0151 tagozat<\/a><\/p>\n\n\n\n<p><\/p>\n\n\n\n<p>2025. november 17 &#8211; 23 (47.h\u00e9t)<\/p>\n\n\n\n<p><a href=\"https:\/\/gasztvital.hu\/wp-content\/uploads\/2025\/10\/47.-H%C3%A9t-Isk.Als%C3%B3.pdf\">Als\u00f3 tagozat<\/a><\/p>\n\n\n\n<p><a href=\"https:\/\/gasztvital.hu\/wp-content\/uploads\/2025\/10\/47.-H%C3%A9t-Isk.Fels%C5%91.pdf\">Fels\u0151 tagozat<\/a><\/p>\n\n\n\n<p><\/p>\n\n\n\n<p>2025. november 10 &#8211; 14. (46. h\u00e9t)<\/p>\n\n\n\n<p><a href=\"https:\/\/gasztvital.hu\/wp-content\/uploads\/2025\/10\/46.-H%C3%A9t-Isk.Als%C3%B3.pdf\">Als\u00f3 tagozat<\/a><\/p>\n\n\n\n<p><a href=\"https:\/\/gasztvital.hu\/wp-content\/uploads\/2025\/10\/46.-H%C3%A9t-Isk.Fels%C5%91.pdf\">Fels\u0151 tagozat<\/a><\/p>\n\n\n\n<p><\/p>\n\n\n\n<p>2025. november 3 &#8211; 7 (45.h\u00e9t)<\/p>\n\n\n\n<p><a href=\"https:\/\/gasztvital.hu\/wp-content\/uploads\/2025\/10\/45.-H%C3%A9t-Isk.Als%C3%B3.pdf\">Als\u00f3 tagozat<\/a><\/p>\n\n\n\n<p><a href=\"https:\/\/gasztvital.hu\/wp-content\/uploads\/2025\/10\/45.-H%C3%A9t-Isk.Fels%C5%91.pdf\">Fels\u0151 tagozat<\/a><\/p>\n\n\n\n<p>2025. okt\u00f3ber 20- 26 (43.h\u00e9t)<\/p>\n\n\n\n<p><a href=\"https:\/\/gasztvital.hu\/wp-content\/uploads\/2025\/10\/43.-H%C3%A9t-%C3%89tlap-Iskola.pdf\">Als\u00f3 tagozat<\/a><\/p>\n\n\n\n<p><a href=\"https:\/\/gasztvital.hu\/wp-content\/uploads\/2025\/10\/43.h%C3%A9t-isk.fels%C5%91.pdf\">Fels\u0151 tagozat<\/a><\/p>\n\n\n\n<p>2025. okt\u00f3ber 13 &#8211; 19 (42. h\u00e9t):  <\/p>\n\n\n\n<p><a href=\"https:\/\/gasztvital.hu\/wp-content\/uploads\/2025\/10\/42.h%C3%A9t-isk.als%C3%B3.pdf\">Als\u00f3 tagozat<\/a><\/p>\n\n\n\n<p><a href=\"https:\/\/gasztvital.hu\/wp-content\/uploads\/2025\/10\/42.h%C3%A9t-isk.fels%C5%91.pdf\">Fels\u0151 tagozat<\/a><\/p>\n\n\n\n<p><\/p>\n","protected":false},"excerpt":{"rendered":"<p>2026. 04. 20 &#8211; 04.27 Als\u00f3 tagozat Fels\u0151 tagozat 2026. 04. 13 &#8211; 04.17 Als\u00f3 tagozat Fels\u0151 tagozat 2026. 03. 30 &#8211; 04.01 Als\u00f3 tagozat Fels\u0151 tagozat 2026. 03.23 &#8211; 03.27 Als\u00f3 tagozat Fels\u0151 tagozat 2026. 03. 16 &#8211; 03.20 Als\u00f3 tagozat Fels\u0151 tagozat 2026. 03. 09 &#8211; 03. 13 Als\u00f3 tagozat Fels\u0151 tagozat 2026. &hellip; <a href=\"https:\/\/avastetoi.hu\/index.php\/heti-menza-menu\/\" class=\"more-link\"><span class=\"screen-reader-text\">Heti menza men\u00fc<\/span> b\u0151vebben&#8230; <span class=\"meta-nav\">&rarr;<\/span><\/a><\/p>\n","protected":false},"author":1,"featured_media":0,"parent":0,"menu_order":0,"comment_status":"closed","ping_status":"closed","template":"","meta":{"footnotes":""},"class_list":["post-410","page","type-page","status-publish","hentry"],"_links":{"self":[{"href":"https:\/\/avastetoi.hu\/index.php\/wp-json\/wp\/v2\/pages\/410","targetHints":{"allow":["GET"]}}],"collection":[{"href":"https:\/\/avastetoi.hu\/index.php\/wp-json\/wp\/v2\/pages"}],"about":[{"href":"https:\/\/avastetoi.hu\/index.php\/wp-json\/wp\/v2\/types\/page"}],"author":[{"embeddable":true,"href":"https:\/\/avastetoi.hu\/index.php\/wp-json\/wp\/v2\/users\/1"}],"replies":[{"embeddable":true,"href":"https:\/\/avastetoi.hu\/index.php\/wp-json\/wp\/v2\/comments?post=410"}],"version-history":[{"count":29,"href":"https:\/\/avastetoi.hu\/index.php\/wp-json\/wp\/v2\/pages\/410\/revisions"}],"predecessor-version":[{"id":571,"href":"https:\/\/avastetoi.hu\/index.php\/wp-json\/wp\/v2\/pages\/410\/revisions\/571"}],"wp:attachment":[{"href":"https:\/\/avastetoi.hu\/index.php\/wp-json\/wp\/v2\/media?parent=410"}],"curies":[{"name":"wp","href":"https:\/\/api.w.org\/{rel}","templated":true}]}}